6 = 5*m, -1322*s + m = -1327*s + 134. Suppose t = -3*t + 3*w + 435, 2*t = 5*w + 235. Calculate the remainder when t is divided by s.
24
What is the remainder when 97 is divided by 33 - 6/24*-4?
29
What is the remainder when 626 is divided by (-2631744)/(-17280) + 3*1/(-10)?
18
Suppose 0 = -2*m - 3*w + 748, 84*w = 5*m + 88*w - 1891. What is the remainder when m is divided by 55?
53
Let h(c) = 8*c - 7. Let w be 12/42 - (-94)/14. Let z(l) = -l**3 - 17*l**2 - 19*l - 30. Calculate the remainder when h(w) is divided by z(-16).
13
Let x = 2264 - 1762. Calculate the remainder when x is divided by 102.
94
Let t(k) = -k**3 - 21*k**2 + 2*k + 46. Let w be t(-21). What is the remainder when (288 - 0)/2 + -1 is divided by (5/2)/(3/30) + w?
27
Let g(d) = -9*d + 960. Calculate the remainder when 540 is divided by g(102).
36
Let q(g) = -64*g**3 - 3*g**2 - 2*g + 1. Let u be q(-2). Suppose u = 5*x + 125. What is the remainder when (x/20)/((-3)/(-15)) is divided by 6?
1
Let b = 169 + -172. Calculate the remainder when 6 + (b + -1)*-17 is divided by 38.
36
Suppose 0 = -4*d - i + 48 + 20, -2*i = d - 10. Calculate the remainder when 178 is divided by d.
16
Suppose -3*w + 2*g + 973 = 0, -14*g + 979 = 3*w - 10*g. Let b = w - 184. Calculate the remainder when b is divided by 38.
27
Suppose -p = h - 30, -4*h + 5*h - p = 26. Suppose -h*m + 41*m = 338. What is the remainder when 83 is divided by m?
5
Suppose 4*u = -8*g + 3*g, -1 = g + u. Suppose 35 = g*k - 5*l - 26, -k - 2*l = 1. What is the remainder when 52 is divided by k?
7
Suppose -315 = 56*c + 189. Let i(m) = 2*m**2 + 3 + 2 + 4 + 18*m. Calculate the remainder when 24 is divided by i(c).
6
Let h = 57 - 23. Let s be 44 + 39/(-65) + h/(-10). Suppose -s = -3*x - 7. What is the remainder when 141 is divided by x?
9
Suppose 2*o = -3*t - 14, -10 + 0 = -2*o. Let p(v) = -v**2 - 4*v + 74. What is the remainder when 206 is divided by p(t)?
38
What is the remainder when 634 is divided by -9 - (-62 - 0/(-2))?
51
Suppose -4*m = -5*r + 13, 0*r - 3*r - 3*m + 24 = 0. Suppose -l - w - 43 = w, -r*w + 162 = -3*l. Let u = l + 98. What is the remainder when u is divided by 13?
10
Let h be (-64)/2*119/68 + 4. Let c = 84 + h. Suppose -175 + c = -11*y. Calculate the remainder when 34 is divided by y.
8
Let m = -28 - -39. Let k(l) = 10*l**2 + 59*l + 216. Calculate the remainder when k(-4) is divided by m.
8
Suppose -19639*r = -19610*r - 18444. What is the remainder when r is divided by 117?
51
Let z(y) = 4*y**3 - 18*y**3 - 5*y**3 - 2*y - y**2 - 13*y**3. Calculate the remainder when z(-1) is divided by (17/(-2))/((-2)/4).
16
Suppose -25*j + 3 + 41 = 19. Let x = 0 + 4. Calculate the remainder when 85 is divided by 11*(2 - 1) + (j - x).
5
Suppose -v - 5*z + 10 + 10 = 0, 0 = 4*v + 4*z - 64. Suppose v*j - 20 = 250. Suppose -20 = -0*a - 2*a. Calculate the remainder when j is divided by a.
8
Let v be (-25)/(-30) + -1 + (-3017)/6. Let d = 1020 + v. Suppose 0 = 5*j + 4*z + z - 590, 4*j - d = 5*z. Calculate the remainder when j is divided by 42.
39
Let g = -149 + 163. Let k = 4 + g. Let q(d) = 3*d**3 + 2*d**2 - 4*d + 2. Calculate the remainder when q(3) is divided by k.
17
Suppose 4*q - 1152 = -4*w, 4*w = -0*w + 2*q + 1128. Let l be w/6 + 12/18. Suppose 39*x = 43*x - l. Calculate the remainder when x is divided by 7.
5
Let p(v) = 3*v**2 - 4*v - 2. Suppose 0*l - 8 = -f + 2*l, 2*l - 76 = -5*f. What is the remainder when p(6) is divided by f?
12
Suppose 71*m - 410 = 371. Suppose 4*g = 3*u - g - 262, 0 = -2*u + g + 170. Calculate the remainder when u is divided by m.
7
Let m(d) = -1089*d**3 - 8*d - 7. Let y be (0 - 0) + (-11 - -20) + -10. What is the remainder when m(y) is divided by 39?
37
Let m = 38 + -29. Suppose m = p - 2. Suppose -47*j = -46*j - p. Calculate the remainder when 23 is divided by j.
1
Suppose -30*o = -169*o + 56017. What is the remainder when o is divided by 99?
7
Let t = -8081 - -8118. Calculate the remainder when 352 is divided by t.
19
Let h(t) = -4053*t + 65 + 11*t**2 + 4028*t - 2 - t**3. What is the remainder when h(8) is divided by 38?
17
Calculate the remainder when (1207/(-51))/(6/(-36)) is divided by 138.
4
Suppose 11*w + 5*o = 8*w + 3593, 0 = -23*w + 3*o + 27257. What is the remainder when w is divided by 326?
208
Let f = -32046 - -32082. Let v(a) = 5*a**2 - 6*a - 3. What is the remainder when v(-4) is divided by f?
29
Let f = 29745 - 29461. Suppose -4*d + 75 = -13. What is the remainder when f is divided by d?
20
Suppose 3663*m - 10001 = 3634*m - 576. What is the remainder when m is divided by 232?
93
Suppose 55*i = 57*i - 1932. Let h = i + -855. What is the remainder when 995 is divided by h?
107
Let v be (3 - 1)*(14 - 1). Let s = -17 + v. Suppose 21119*z - 144 = 21115*z + 2*l, -z - 5*l = 41. What is the remainder when z is divided by s?
2
Suppose 98*p - 13452 = -16*p. Let b(c) = 2*c - 2. Calculate the remainder when p is divided by b(5).
6
Calculate the remainder when 274 is divided by (176/(-28) + 6)*-77 - -1.
21
Let c = -316127 + 316134. Suppose 6*g = g + 995. Calculate the remainder when g is divided by c.
3
Let z = -47 - -109. Let c be 90/300 + (-16274)/(-20). Let v = -793 + c. Calculate the remainder when z is divided by v.
20
Suppose -9*f + 3*f = -30. Suppose f*d = 5*u + 50, 4*d + 3*u - 64 = u. What is the remainder when 97 is divided by d?
13
Let t(h) be the third derivative of -h**5/20 + 13*h**4/8 - 17*h**3/6 + 43*h**2. Calculate the remainder when t(12) is divided by 14.
5
Let a(d) = -2*d - 4. Let v be a(-4). Suppose 936 = -w + v*w. Suppose 4*l + 3*u = -u + 332, u + w = 4*l. What is the remainder when l is divided by 20?
19
Calculate the remainder when 5237*(-4)/(-34) + (-6)/51 is divided by 13.
5
Let y(q) = -444*q - 8802. Suppose -2*a + 2*u = -4, 3*u = -1 + 4. Calculate the remainder when y(-20) is divided by a.
0
Let c(h) = -4*h. Let q(d) = -16*d. Let g(u) = u. Let b(v) = -5*g(v) - q(v). Let f(a) = 3*b(a) + 8*c(a). Calculate the remainder when 6 is divided by f(5).
1
Let a = -174 - -225. Let l = a - -17. Calculate the remainder when l is divided by 3/2*(-12)/(-1).
14
Suppose 0 = 118*c - 82*c - 396. Suppose 4*k + k + 10 = 0. Calculate the remainder when k/(-3) - (-381)/9 is divided by c.
10
Let t be ((-6)/24)/1 - (-81050)/8. What is the remainder when (1/3)/(11/t) is divided by 22?
21
Let b(f) = f**2 - 32*f - 28. Let y be b(33). Suppose y*q + 262 = 797. Let i(j) = j**3 - 6*j**2 + 2*j + 6. What is the remainder when q is divided by i(6)?
17
Let y(m) = -82*m - 2825. Calculate the remainder when y(-36) is divided by 61.
5
Suppose m + 198 = f, -8*f + m - 590 = -11*f. Calculate the remainder when 1377 is divided by f.
195
Suppose -i - 31 = 5*w - 258, i + 4*w = 233. Calculate the remainder when i is divided by 137.
120
Let j = 11 + -46. Let g = 39 + j. Calculate the remainder when 53 is divided by 0 - (1/g + (-111)/12).
8
Suppose -1167 = -5*g - 3*u, -358 - 815 = -5*g + 3*u. Calculate the remainder when g is divided by 85.
64
Suppose -5*o + 2*t + 33 = -74, -4*o = 4*t - 80. Let i = -38 + 301. Let a = -182 + i. Calculate the remainder when a is divided by o.
18
Suppose -3*o + 57 = -0*o. Suppose 6*p - 3*p - 2*l = -371, 4*p + 4*l = -528. Let q = p - -138. Calculate the remainder when o is divided by q.
8
Let d = -2386 + 2669. Calculate the remainder when d is divided by 52.
23
Let f = -523 - -517. Let r = f + 23. What is the remainder when 456 is divided by r?
14
Suppose 2*k + 266 = -0*x + 2*x, 0 = -2*x + 3*k + 268. Calculate the remainder when 389 is divided by x.
127
Let w(s) = 2995*s + 23973. What is the remainder when 17978 is divided by w(-8)?
12
Let m be 1/((-1 + -3 + 2)/(-32)). Suppose -14*c + 100 - m = 0. Suppose f = c*f - 215. What is the remainder when f is divided by 9?
7
What is the remainder when 766 is divided by 1 - (4 - (-556)/(-4) - -7)?
121
Let g(p) = 2*p**2 + 23*p + 18. Let m be g(-11). Suppose 0 = 8*v + m*v - 135. What is the remainder when 115 is divided by v?
7
Let q(r) = 8*r - 3. Let p be q(-9). Let t be (-3 - 1)*(-6 + -47). Let n = t + p. Calculate the remainder when n is divided by 23.
22
Let q(g) = -g**3 + 3*g**2 + 3*g - 8. Let v be q(3). What is the remainder when 508 + (-30)/6*v is divided by 36?
35
Suppose 374 = 3*a - 7*q + 12*q, -a - q + 122 = 0. Calculate the remainder when 537 is divided 